{"id":1125,"date":"2015-05-08T13:22:48","date_gmt":"2015-05-08T13:22:48","guid":{"rendered":"http:\/\/quanticalabs.com\/wptest\/carservice\/?page_id=4"},"modified":"2019-07-04T10:02:59","modified_gmt":"2019-07-04T10:02:59","slug":"home","status":"publish","type":"page","link":"https:\/\/autowerkdachau.de\/","title":{"rendered":"STARTSEITE"},"content":{"rendered":"<p>[vc_row type=&#8220;full-width&#8220;][vc_column][rev_slider_vc alias=&#8220;main&#8220;][\/vc_column][\/vc_row][vc_row type=&#8220;full-width&#8220; css=&#8220;.vc_custom_1439892689981{background-color: #f5f5f5 !important;}&#8220;][vc_column]<div class=\"announcement clearfix\">\r\n\t\t\t\t\t<div class=\"vc_row wpb_row vc_row-fluid\">\r\n\t\t\t\t\t\t<div class=\"vc_col-sm-8 wpb_column vc_column_container\">\r\n\t\t\t\t\t\t\t<div class=\"vertical-align\">\r\n\t\t\t\t\t\t\t\t<div class=\"vertical-align-cell\">\r\n\t\t\t\t\t\t\t\t\t<h3>VEREINBAREN SIE MIT UNS EINEN TERMIN \u27a1<\/h3>\r\n\t\t\t\t\t\t\t\t<\/div>\r\n\t\t\t\t\t\t\t<\/div>\r\n\t\t\t\t\t\t<\/div><div class=\"vc_col-sm-4 wpb_column vc_column_container\">\r\n\t\t\t\t\t\t<div class=\"vertical-align\">\r\n\t\t\t\t\t\t\t<div class=\"vertical-align-cell\">\r\n\t\t\t\t\t\t\t\t<a title=\"ZUM KONTAKTFORMULAR\" href=\"https:\/\/autowerkdachau.de\/?page_id=297\" class=\"more\"><span>ZUM KONTAKTFORMULAR<\/span><\/a>\r\n\t\t\t\t\t\t\t<\/div>\r\n\t\t\t\t\t\t<\/div>\r\n\t\t\t\t\t<\/div><\/div>\r\n\t\t\t<\/div>[\/vc_column][\/vc_row][vc_row top_margin=&#8220;page-margin-top-section&#8220;][vc_column]<h2 class=\" box-header\">WARUM UNS W\u00c4HLEN?<\/h2>[vc_column_text el_class=&#8220;description align-center&#8220;]Die Motivation f\u00fcr diese besondere Autowerkstatt<br \/>\nentstand aus der Idee, eine handwerklich hochwertige Arbeit zu einem vern\u00fcnftigen Preis anzubieten.[\/vc_column_text][vc_row_inner top_margin=&#8220;page-margin-top&#8220;][vc_column_inner width=&#8220;1\/3&#8243;]<div class=\"feature-item feature-item-big\"><div class=\"hexagon\"><div class=\"sl-small-user-chat\"><\/div><\/div><h4 class=\"box-header\">JEDER JOB IST PERS\u00d6NLICH<\/h4><p>Wenn Sie die Qualit\u00e4t w\u00fcnschen, die Sie vom H\u00e4ndler erwarten, aber mit einer pers\u00f6nlicheren und freundlicheren Atmosph\u00e4re, sind die bei uns richtig.<\/p><\/div>[\/vc_column_inner][vc_column_inner width=&#8220;1\/3&#8243;]<div class=\"feature-item feature-item-big\"><div class=\"hexagon\"><div class=\"sl-small-wrench-screwdriver\"><\/div><\/div><h4 class=\"box-header\">BESTE MATERIALIEN<\/h4><p>Wir haben in die neuesten Spezialwerkzeuge und Diagnosesoftware investiert, die speziell auf die Software in Ihrem Fahrzeug zugeschnitten sind.<\/p><\/div>[\/vc_column_inner][vc_column_inner width=&#8220;1\/3&#8243;]<div class=\"feature-item feature-item-big\"><div class=\"hexagon\"><div class=\"sl-small-truck-tow\"><\/div><\/div><h4 class=\"box-header\">PROFESSIONELLE STANDARDS<\/h4><p>Unsere Werkstatt kann eine Vielzahl von Modellen warten. Wir erledigen nur die Arbeit, die zur Behebung Ihres Problems erforderlich ist.<\/p><\/div>[\/vc_column_inner][\/vc_row_inner][\/vc_column][\/vc_row][vc_row type=&#8220;full-width&#8220; top_margin=&#8220;page-margin-top-section&#8220; el_class=&#8220;flex-box&#8220; css=&#8220;.vc_custom_1441196365110{background-color: #f5f5f5 !important;}&#8220;][vc_column width=&#8220;1\/2&#8243; css=&#8220;.vc_custom_1441196358309{background-image: url(http:\/\/quanticalabs.com\/wptest\/carservice\/files\/2015\/05\/image_01.jpg?id=917) !important;}&#8220;][vc_single_image image=&#8220;1649&#8243; img_size=&#8220;large-thumb&#8220; el_class=&#8220;flex-hide&#8220;][\/vc_column][vc_column width=&#8220;1\/2&#8243; el_class=&#8220;padding-left-right-100 padding-bottom-66&#8243;]<h2 class=\" box-header page-margin-top-section\">FAHRZEUGE GEWARTET<\/h2>[vc_column_text el_class=&#8220;description align-center&#8220;]Wir bieten erstklassigen Wartungsservice f\u00fcr alle Fahrzeugtypen. Wir sind f\u00fcr die Wartung und Reparatur folgender Marken zertifiziert:[\/vc_column_text][vc_row_inner css=&#8220;.vc_custom_1439977887316{margin-top: 30px !important;}&#8220;][vc_column_inner width=&#8220;1\/3&#8243;]<ul class=\"list\"><li class=\"template-bullet \"><span>Audi<\/span><\/li><li class=\"template-bullet \"><span>BMW<\/span><\/li><li class=\"template-bullet \"><span>Land Rover<\/span><\/li><li class=\"template-bullet \"><span>Lexus<\/span><\/li><li class=\"template-bullet \"><span>Mazda<\/span><\/li><\/ul>[\/vc_column_inner][vc_column_inner width=&#8220;1\/3&#8243;]<ul class=\"list\"><li class=\"template-bullet \"><span>Mercedes &#8211; Benz<\/span><\/li><li class=\"template-bullet \"><span>Maybach<\/span><\/li><li class=\"template-bullet \"><span>Mitsubishi<\/span><\/li><li class=\"template-bullet \"><span>Nissan<\/span><\/li><li class=\"template-bullet \"><span>Renault<\/span><\/li><\/ul>[\/vc_column_inner][vc_column_inner width=&#8220;1\/3&#8243;]<ul class=\"list\"><li class=\"template-bullet \"><span>Ferrari<\/span><\/li><li class=\"template-bullet \" style=\"color:CCCCCC;\"><span style=\"color: CCCCCC;\">Porsche<\/span><\/li><li class=\"template-bullet \"><span>Rover<\/span><\/li><li class=\"template-bullet \"><span>Saab<\/span><\/li><li class=\"template-bullet \"><span>Volkswagen<\/span><\/li><\/ul>[\/vc_column_inner][\/vc_row_inner][vc_row_inner el_class=&#8220;align-center margin-top-67 padding-bottom-20&#8243;][vc_column_inner]<a class=\"more simple\" href=\"#\" title=\"UVM.\"><span>UVM.<\/span><\/a>[\/vc_column_inner][\/vc_row_inner][\/vc_column][\/vc_row][vc_row top_margin=&#8220;page-margin-top-section&#8220;][vc_column]<h2 class=\" box-header\">DIENSTLEISTUNGEN<\/h2>[vc_column_text el_class=&#8220;description align-center&#8220;]Unsere Profis wissen, wie sie das breite Spektrum an Fachwissen nutzen k\u00f6nnen, um das bestm\u00f6gliche Ergebnis f\u00fcr Sie zu gew\u00e4hrleisten.[\/vc_column_text]<ul class=\"services-list clearfix page-margin-top\"><li class=\"vc_row wpb_row vc_row-fluid\"><ul><li><a href=\"https:\/\/autowerkdachau.de\/?ql_services=engine-diagnostics\" title=\"UNFALLINSTANDSETZUNG\"><img width=\"390\" height=\"260\" src=\"https:\/\/autowerkdachau.de\/wp-content\/uploads\/2015\/05\/image_011-390x260.jpg\" class=\"attachment-medium-thumb size-medium-thumb wp-post-image\" alt=\"UNFALLINSTANDSETZUNG\" loading=\"lazy\" title=\"\" srcset=\"https:\/\/autowerkdachau.de\/wp-content\/uploads\/2015\/05\/image_011-390x260.jpg 390w, https:\/\/autowerkdachau.de\/wp-content\/uploads\/2015\/05\/image_011-300x200.jpg 300w, https:\/\/autowerkdachau.de\/wp-content\/uploads\/2015\/05\/image_011-768x512.jpg 768w, https:\/\/autowerkdachau.de\/wp-content\/uploads\/2015\/05\/image_011-570x380.jpg 570w, https:\/\/autowerkdachau.de\/wp-content\/uploads\/2015\/05\/image_011-480x320.jpg 480w, https:\/\/autowerkdachau.de\/wp-content\/uploads\/2015\/05\/image_011-270x180.jpg 270w, https:\/\/autowerkdachau.de\/wp-content\/uploads\/2015\/05\/image_011.jpg 870w\" sizes=\"(max-width: 390px) 100vw, 390px\" \/><\/a><h4 class=\"box-header\"><a href=\"https:\/\/autowerkdachau.de\/?ql_services=engine-diagnostics\" title=\"UNFALLINSTANDSETZUNG\">UNFALLINSTANDSETZUNG<\/a><\/h4><\/li><li><a href=\"https:\/\/autowerkdachau.de\/?ql_services=lube-oil-and-filters\" title=\"SMART REPAIR\"><img width=\"390\" height=\"260\" src=\"https:\/\/autowerkdachau.de\/wp-content\/uploads\/2015\/05\/017-390x260.jpg\" class=\"attachment-medium-thumb size-medium-thumb wp-post-image\" alt=\"SMART REPAIR\" loading=\"lazy\" title=\"\" srcset=\"https:\/\/autowerkdachau.de\/wp-content\/uploads\/2015\/05\/017-390x260.jpg 390w, https:\/\/autowerkdachau.de\/wp-content\/uploads\/2015\/05\/017-300x200.jpg 300w, https:\/\/autowerkdachau.de\/wp-content\/uploads\/2015\/05\/017-768x512.jpg 768w, https:\/\/autowerkdachau.de\/wp-content\/uploads\/2015\/05\/017.jpg 1024w, https:\/\/autowerkdachau.de\/wp-content\/uploads\/2015\/05\/017-870x580.jpg 870w, https:\/\/autowerkdachau.de\/wp-content\/uploads\/2015\/05\/017-570x380.jpg 570w, https:\/\/autowerkdachau.de\/wp-content\/uploads\/2015\/05\/017-480x320.jpg 480w, https:\/\/autowerkdachau.de\/wp-content\/uploads\/2015\/05\/017-270x180.jpg 270w\" sizes=\"(max-width: 390px) 100vw, 390px\" \/><\/a><h4 class=\"box-header\"><a href=\"https:\/\/autowerkdachau.de\/?ql_services=lube-oil-and-filters\" title=\"SMART REPAIR\">SMART REPAIR<\/a><\/h4><\/li><li><a href=\"https:\/\/autowerkdachau.de\/?ql_services=belts-and-hoses\" title=\"FAHRZEUGLACKIERUNG\"><img width=\"390\" height=\"260\" src=\"https:\/\/autowerkdachau.de\/wp-content\/uploads\/2015\/05\/046-1-390x260.jpg\" class=\"attachment-medium-thumb size-medium-thumb wp-post-image\" alt=\"FAHRZEUGLACKIERUNG\" loading=\"lazy\" title=\"\" srcset=\"https:\/\/autowerkdachau.de\/wp-content\/uploads\/2015\/05\/046-1-390x260.jpg 390w, https:\/\/autowerkdachau.de\/wp-content\/uploads\/2015\/05\/046-1-300x200.jpg 300w, https:\/\/autowerkdachau.de\/wp-content\/uploads\/2015\/05\/046-1-768x512.jpg 768w, https:\/\/autowerkdachau.de\/wp-content\/uploads\/2015\/05\/046-1.jpg 1024w, https:\/\/autowerkdachau.de\/wp-content\/uploads\/2015\/05\/046-1-870x580.jpg 870w, https:\/\/autowerkdachau.de\/wp-content\/uploads\/2015\/05\/046-1-570x380.jpg 570w, https:\/\/autowerkdachau.de\/wp-content\/uploads\/2015\/05\/046-1-480x320.jpg 480w, https:\/\/autowerkdachau.de\/wp-content\/uploads\/2015\/05\/046-1-270x180.jpg 270w\" sizes=\"(max-width: 390px) 100vw, 390px\" \/><\/a><h4 class=\"box-header\"><a href=\"https:\/\/autowerkdachau.de\/?ql_services=belts-and-hoses\" title=\"FAHRZEUGLACKIERUNG\">FAHRZEUGLACKIERUNG<\/a><\/h4><\/li><\/ul><\/li><\/ul>[\/vc_column][\/vc_row][vc_row type=&#8220;full-width&#8220; el_class=&#8220;align-center margin-top-40 padding-bottom-87&#8243;][vc_column]<a class=\"more\" href=\"https:\/\/autowerkdachau.de\/?page_id=137\" title=\"ALLE DIENSTLEISTUNGEN\"><span>ALLE DIENSTLEISTUNGEN<\/span><\/a>[\/vc_column][\/vc_row][vc_row type=&#8220;full-width cs-parallax&#8220; css=&#8220;.vc_custom_1441108258312{background-image: url(http:\/\/quanticalabs.com\/wptest\/carservice\/files\/2015\/05\/image_012.jpg?id=928) !important;}&#8220; el_class=&#8220;padding-top-70 padding-bottom-66&#8243;][vc_column][vc_row_inner][vc_column_inner]<div class=\"testimonials-container type-big\"><a href=\"#\" class=\"slider-control left template-arrow-left-1\"><\/a><ul class=\"testimonials-list autoplay-0 pause_on_hover-1 scroll-1 effect-scroll easing-easeInOutQuint duration-500\"><li>\r\n\t\t\t\t\t<div class=\"hexagon small\"><div class=\"sl-small-pen\"><\/div><\/div>\r\n\t\t\t\t\t<p>\"Ich habe in den letzten Jahren die ich im Autowerk Dachau bin immer ausnahmslos hervorragende Erfahrungen gemacht. Ich kann diesen Ort jedem empfehlen, der einen gro\u00dfartigen Service, ein ehrliches Preis-Leistungs-Verh\u00e4ltnis und wirklich pers\u00f6nlichen Service will.\"<\/p>\r\n\t\t\t\t\t\r\n\t\t\t\t\t<div class=\"author-details-box\">\r\n\t\t\t\t\t<h6>Matias M.<\/h6>\r\n\t\t\t\t\t\r\n\t\t\t\t\t<\/div>\r\n\t\t\t\t<\/li><li>\r\n\t\t\t\t\t<div class=\"hexagon small\"><div class=\"sl-small-pen\"><\/div><\/div>\r\n\t\t\t\t\t<p>\"Exzellenter Service und gute Betreuung.<\/p>\r\n\t\t\t\t\t\r\n\t\t\t\t\t<div class=\"author-details-box\">\r\n\t\t\t\t\t<h6>Emre T.<\/h6>\r\n\t\t\t\t\t\r\n\t\t\t\t\t<\/div>\r\n\t\t\t\t<\/li><li>\r\n\t\t\t\t\t<div class=\"hexagon small\"><div class=\"sl-small-pen\"><\/div><\/div>\r\n\t\t\t\t\t<p>\"Nach dem gro\u00dfen Sturm in M\u00fcnchen war mein Audi RS 7 sehr besch\u00e4digt. Da ich in der n\u00e4he von Dachau wohne, wurde das Autowerk von einem Freund empfohlen. Schneller Service &amp; Gute Arbeit.<\/p>\r\n\t\t\t\t\t\r\n\t\t\t\t\t<div class=\"author-details-box\">\r\n\t\t\t\t\t<h6>Dennis G.<\/h6>\r\n\t\t\t\t\t\r\n\t\t\t\t\t<\/div>\r\n\t\t\t\t<\/li><\/ul><a href=\"#\" class=\"slider-control right template-arrow-left-1\"><\/a><\/div>[\/vc_column_inner][\/vc_row_inner][\/vc_column][\/vc_row][vc_row top_margin=&#8220;page-margin-top-section&#8220;][vc_column]<h2 class=\" box-header\">AUTOWERK \u00dcBERSICHT<\/h2>[vc_column_text el_class=&#8220;description align-center&#8220;]Wir k\u00f6nnen Ihnen bei jeglichem Problem rund um das Thema Auto helfen. Vom einfachen Hagelschaden bis zur Instandsetzung. Wir sind f\u00fcr Sie da.[\/vc_column_text][vc_row_inner top_margin=&#8220;page-margin-top-section&#8220;][vc_column_inner width=&#8220;1\/3&#8243;]<div class=\"feature-item\"><h5>FAHRZEUGLACKIERUNG<\/h5><div class=\"icon sl-small-car-wash\"><\/div><p><a>Egal, welche Farbe Sie sich w\u00fcnschen, in unserer<br \/>\nhochmodernen Lackierkabine in Dachau geben wir<br \/>\nIhrem Fahrzeug eine neue Farbe oder frischen die alte auf.<\/a><\/p><\/div><div class=\"feature-item\"><h5>FELGENREPARATUR<\/h5><div class=\"icon sl-small-car-wheel\"><\/div><p><\/p>\n<div id=\"p8\">\n<p>Gerne \u00fcbernehmen wir in unserer Kfz-Werkstatt Felgenreperatur.<br \/>\nSelbstverst\u00e4ndlich schnell und unkompliziert<br \/>\n\u2013 darauf k\u00f6nnen Sie sich verlassen!<\/p>\n<\/div>\n<p><\/p><\/div>[\/vc_column_inner][vc_column_inner width=&#8220;1\/3&#8243;]<div class=\"feature-item\"><h5>KFZ INSTANDSETUNG &amp; UNFALLINSTANDSETZUNG<\/h5><div class=\"icon sl-small-car-setting\"><\/div><p><a>Mit moderner Richt- und Ausbeultechnik k\u00f6nnen wir Karosserie-<br \/>\nsch\u00e4den jeder Art in unserer Werkstatt fachkundig beseitigen.<\/a><\/p><\/div><div class=\"feature-item\"><h5>FAHRZEUGAUFBEREITUNG<\/h5><div class=\"icon sl-small-car-fix\"><\/div><p><\/p>\n<div id=\"p7\">\n<p>Mit unseren Leistungen in der Fahrzeugaufbereitung<br \/>\nsorgen wir daf\u00fcr, dass Ihr Pkw innen wie au\u00dfen<br \/>\nwieder im neuen Glanz erstrahlt!<\/p>\n<\/div>\n<p><\/p><\/div>[\/vc_column_inner][vc_column_inner width=&#8220;1\/3&#8243;]<div class=\"feature-item\"><h5>SMART REPAIR<\/h5><div class=\"icon sl-small-signal-warning\"><\/div><p><\/p>\n<div id=\"p7\">\n<p>Viele kleine Sch\u00e4den, wie Dellen und Kratzer,<br \/>\nlassen sich mit dem Smart Repair Verfahren beheben.<br \/>\nDies ist deutlich g\u00fcnstiger als eine komplette Instandsetzung<\/p>\n<\/div>\n<p><\/p><\/div><div class=\"feature-item\"><h5>SCHEIBENWECHSEL<\/h5><div class=\"icon sl-small-car-lock\"><\/div><p><\/p>\n<div id=\"p7\">\n<p>Egal, welche Farbe Sie sich w\u00fcnschen, in unserer<br \/>\nhochmodernen Lackierkabine in Dachau geben wir<br \/>\nIhrem Fahrzeug eine neue Farbe oder frischen die alte auf.<\/p>\n<\/div>\n<p><\/p><\/div>[\/vc_column_inner][\/vc_row_inner][\/vc_column][\/vc_row][vc_row type=&#8220;full-width&#8220; top_margin=&#8220;page-margin-top-section&#8220;][vc_column]<ul class=\"galleries-list clearfix\"><li><a href=\"https:\/\/autowerkdachau.de\/?ql_galleries=lube-services\" title=\"Fahrzeuglackierung\"><img width=\"480\" height=\"320\" src=\"https:\/\/autowerkdachau.de\/wp-content\/uploads\/2015\/05\/046-1-480x320.jpg\" class=\"attachment-big-thumb size-big-thumb wp-post-image\" alt=\"Fahrzeuglackierung\" loading=\"lazy\" title=\"\" srcset=\"https:\/\/autowerkdachau.de\/wp-content\/uploads\/2015\/05\/046-1-480x320.jpg 480w, https:\/\/autowerkdachau.de\/wp-content\/uploads\/2015\/05\/046-1-300x200.jpg 300w, https:\/\/autowerkdachau.de\/wp-content\/uploads\/2015\/05\/046-1-768x512.jpg 768w, https:\/\/autowerkdachau.de\/wp-content\/uploads\/2015\/05\/046-1.jpg 1024w, https:\/\/autowerkdachau.de\/wp-content\/uploads\/2015\/05\/046-1-870x580.jpg 870w, https:\/\/autowerkdachau.de\/wp-content\/uploads\/2015\/05\/046-1-570x380.jpg 570w, https:\/\/autowerkdachau.de\/wp-content\/uploads\/2015\/05\/046-1-390x260.jpg 390w, https:\/\/autowerkdachau.de\/wp-content\/uploads\/2015\/05\/046-1-270x180.jpg 270w\" sizes=\"(max-width: 480px) 100vw, 480px\" \/>\r\n\t\t\t<\/a><div class=\"view align-center\">\r\n\t\t\t\t\t<div class=\"vertical-align-table\">\r\n\t\t\t\t\t\t<div class=\"vertical-align-cell\"><p class=\"description\">Fahrzeuglackierung<\/p><a class=\"more simple\" href=\"https:\/\/autowerkdachau.de\/?ql_galleries=lube-services\" title=\"READ MORE\">READ MORE<\/a><\/div>\r\n\t\t\t\t\t<\/div>\r\n\t\t\t\t<\/div><li><a href=\"https:\/\/autowerkdachau.de\/?ql_galleries=brake-repair\" title=\"Scheibenwechsel\"><img width=\"480\" height=\"320\" src=\"https:\/\/autowerkdachau.de\/wp-content\/uploads\/2015\/05\/glass-1749697_1920-480x320.jpg\" class=\"attachment-big-thumb size-big-thumb wp-post-image\" alt=\"Scheibenwechsel\" loading=\"lazy\" title=\"\" srcset=\"https:\/\/autowerkdachau.de\/wp-content\/uploads\/2015\/05\/glass-1749697_1920-480x320.jpg 480w, https:\/\/autowerkdachau.de\/wp-content\/uploads\/2015\/05\/glass-1749697_1920-300x200.jpg 300w, https:\/\/autowerkdachau.de\/wp-content\/uploads\/2015\/05\/glass-1749697_1920-768x512.jpg 768w, https:\/\/autowerkdachau.de\/wp-content\/uploads\/2015\/05\/glass-1749697_1920-1024x683.jpg 1024w, https:\/\/autowerkdachau.de\/wp-content\/uploads\/2015\/05\/glass-1749697_1920-870x580.jpg 870w, https:\/\/autowerkdachau.de\/wp-content\/uploads\/2015\/05\/glass-1749697_1920-570x380.jpg 570w, https:\/\/autowerkdachau.de\/wp-content\/uploads\/2015\/05\/glass-1749697_1920-390x260.jpg 390w, https:\/\/autowerkdachau.de\/wp-content\/uploads\/2015\/05\/glass-1749697_1920-270x180.jpg 270w, https:\/\/autowerkdachau.de\/wp-content\/uploads\/2015\/05\/glass-1749697_1920.jpg 1920w\" sizes=\"(max-width: 480px) 100vw, 480px\" \/>\r\n\t\t\t<\/a><div class=\"view align-center\">\r\n\t\t\t\t\t<div class=\"vertical-align-table\">\r\n\t\t\t\t\t\t<div class=\"vertical-align-cell\"><p class=\"description\">Scheibenwechsel<\/p><a class=\"more simple\" href=\"https:\/\/autowerkdachau.de\/?ql_galleries=brake-repair\" title=\"READ MORE\">READ MORE<\/a><\/div>\r\n\t\t\t\t\t<\/div>\r\n\t\t\t\t<\/div><li><a href=\"https:\/\/autowerkdachau.de\/?ql_galleries=tire-change\" title=\"Reifenwechsel\"><img width=\"480\" height=\"320\" src=\"https:\/\/autowerkdachau.de\/wp-content\/uploads\/2015\/05\/image_06-480x320.jpg\" class=\"attachment-big-thumb size-big-thumb wp-post-image\" alt=\"Reifenwechsel\" loading=\"lazy\" title=\"\" srcset=\"https:\/\/autowerkdachau.de\/wp-content\/uploads\/2015\/05\/image_06-480x320.jpg 480w, https:\/\/autowerkdachau.de\/wp-content\/uploads\/2015\/05\/image_06-300x200.jpg 300w, https:\/\/autowerkdachau.de\/wp-content\/uploads\/2015\/05\/image_06-768x512.jpg 768w, https:\/\/autowerkdachau.de\/wp-content\/uploads\/2015\/05\/image_06-570x380.jpg 570w, https:\/\/autowerkdachau.de\/wp-content\/uploads\/2015\/05\/image_06-390x260.jpg 390w, https:\/\/autowerkdachau.de\/wp-content\/uploads\/2015\/05\/image_06-270x180.jpg 270w, https:\/\/autowerkdachau.de\/wp-content\/uploads\/2015\/05\/image_06.jpg 870w\" sizes=\"(max-width: 480px) 100vw, 480px\" \/>\r\n\t\t\t<\/a><div class=\"view align-center\">\r\n\t\t\t\t\t<div class=\"vertical-align-table\">\r\n\t\t\t\t\t\t<div class=\"vertical-align-cell\"><p class=\"description\">Reifenwechsel<\/p><a class=\"more simple\" href=\"https:\/\/autowerkdachau.de\/?ql_galleries=tire-change\" title=\"READ MORE\">READ MORE<\/a><\/div>\r\n\t\t\t\t\t<\/div>\r\n\t\t\t\t<\/div><li><a href=\"https:\/\/autowerkdachau.de\/?ql_galleries=oil-change\" title=\"Unfallinstandsetzung\"><img width=\"480\" height=\"320\" src=\"https:\/\/autowerkdachau.de\/wp-content\/uploads\/2015\/08\/12304000_948476045191202_6753263143356597959_o-480x320.jpg\" class=\"attachment-big-thumb size-big-thumb wp-post-image\" alt=\"Unfallinstandsetzung\" loading=\"lazy\" title=\"\" srcset=\"https:\/\/autowerkdachau.de\/wp-content\/uploads\/2015\/08\/12304000_948476045191202_6753263143356597959_o-480x320.jpg 480w, https:\/\/autowerkdachau.de\/wp-content\/uploads\/2015\/08\/12304000_948476045191202_6753263143356597959_o-300x199.jpg 300w, https:\/\/autowerkdachau.de\/wp-content\/uploads\/2015\/08\/12304000_948476045191202_6753263143356597959_o-870x580.jpg 870w, https:\/\/autowerkdachau.de\/wp-content\/uploads\/2015\/08\/12304000_948476045191202_6753263143356597959_o-570x380.jpg 570w, https:\/\/autowerkdachau.de\/wp-content\/uploads\/2015\/08\/12304000_948476045191202_6753263143356597959_o-390x260.jpg 390w, https:\/\/autowerkdachau.de\/wp-content\/uploads\/2015\/08\/12304000_948476045191202_6753263143356597959_o-270x180.jpg 270w\" sizes=\"(max-width: 480px) 100vw, 480px\" \/>\r\n\t\t\t<\/a><div class=\"view align-center\">\r\n\t\t\t\t\t<div class=\"vertical-align-table\">\r\n\t\t\t\t\t\t<div class=\"vertical-align-cell\"><p class=\"description\">Unfallinstandsetzung<\/p><a class=\"more simple\" href=\"https:\/\/autowerkdachau.de\/?ql_galleries=oil-change\" title=\"READ MORE\">READ MORE<\/a><\/div>\r\n\t\t\t\t\t<\/div>\r\n\t\t\t\t<\/div><\/ul>[\/vc_column][\/vc_row][vc_row top_margin=&#8220;page-margin-top&#8220;][vc_column width=&#8220;1\/2&#8243;]<h3 class=\" box-header\">UNSERE MISSION<\/h3>[vc_column_text el_class=&#8220;description&#8220;]Seit \u00fcber 15 Jahren arbeiten wir nun im Autowerk und unsere Leidenschaft hat sich nicht ge\u00e4ndert. Wir wollen Menschen eine Freude machen, durch faire Preise kombiniert mit hochwertiger Arbeit.[\/vc_column_text][vc_column_text]Wir bieten Fahrzeugbesitzern in Dachau und Umgebung eine vollst\u00e4ndige Palette von Autodiensten an. Unsere Fachleute wissen, was zutun ist und k\u00fcmmern sich um den Rest. Unabh\u00e4ngig davon, ob Sie mit einem PKW, einem mittelgro\u00dfen LKW oder einem SUV unterwegs sind, unsere Mechaniker bem\u00fchen sich, sicherzustellen, dass Ihr Fahrzeug die beste Leistung erbringt, bevor Sie unser Autowerk verlassen.[\/vc_column_text][vc_single_image image=&#8220;1658&#8243;][\/vc_column][vc_column width=&#8220;1\/2&#8243;]<h3 class=\" box-header\">FAQ<\/h3>[vc_accordion el_class=&#8220;margin-top-40&#8243;][vc_accordion_tab title=&#8220;Wie lange dauert die Reparatur?&#8220; tab_id=&#8220;using-synthetic&#8220;][vc_column_text]Die L\u00e4nge der Reparatur ist von dem Problem Ihres KFZ abh\u00e4ngig. So kann das Bearbeiten von Hagelst\u00e4ndigen Stunden dauern, jedoch eine Unfallinstandsetzung mehrere Tage.[\/vc_column_text][\/vc_accordion_tab][vc_accordion_tab title=&#8220;Erlischt meine Garantie wenn ich mein KFZ bei Autowerk Dachau reparieren lasse?&#8220; tab_id=&#8220;parts-replacements&#8220;][vc_column_text]Bereits seit 2010 gilt die ge\u00e4nderte Fassung der KfZ-GVO. Diese besagt, dass die Herstellergarantie erhalten bleibt, wenn Sie die Instpektion an Ihrem (Neu-)Fahrzeug in einer freien Werkstatt durchf\u00fchren lassen, die nach Herstellervorgaben arbeitet. Ja, wir arbeiten nat\u00fcrlich gem\u00e4\u00df den Herstellervorgaben = <strong>kein Garantieverlust!<\/strong>[\/vc_column_text][\/vc_accordion_tab][vc_accordion_tab title=&#8220;Welche Qualit\u00e4t haben die Ersatzteile, kann es mit dem Hersteller mithalten?&#8220; tab_id=&#8220;track-routine&#8220;][vc_column_text]Wir beziehen unsere Ersatzteile in Erstausr\u00fcster-Qualit\u00e4t seit vielen Jahren von erstklassigen Partnern. Auch hier legen wir also gr\u00f6\u00dften Wert auf Qualit\u00e4t. Mitgebrachte Teile k\u00f6nnen in unseren Werkst\u00e4tten nicht verbaut werden.[\/vc_column_text][\/vc_accordion_tab][\/vc_accordion][\/vc_column][\/vc_row]<\/p>\n","protected":false},"excerpt":{"rendered":"<p>[vc_row type=&#8220;full-width&#8220;][vc_column][rev_slider_vc alias=&#8220;main&#8220;][\/vc_column][\/vc_row][vc_row type=&#8220;full-width&#8220; css=&#8220;.vc_custom_1439892689981{background-color: #f5f5f5 !important;}&#8220;][vc_column][\/vc_column][\/vc_row][vc_row top_margin=&#8220;page-margin-top-section&#8220;][vc_column][vc_column_text el_class=&#8220;description align-center&#8220;]Die Motivation f\u00fcr diese besondere Autowerkstatt entstand aus der Idee, eine handwerklich hochwertige Arbeit zu einem vern\u00fcnftigen Preis anzubieten.[\/vc_column_text][vc_row_inner top_margin=&#8220;page-margin-top&#8220;][vc_column_inner width=&#8220;1\/3&#8243;][\/vc_column_inner][vc_column_inner width=&#8220;1\/3&#8243;][\/vc_column_inner][vc_column_inner width=&#8220;1\/3&#8243;][\/vc_column_inner][\/vc_row_inner][\/vc_column][\/vc_row][vc_row type=&#8220;full-width&#8220; top_margin=&#8220;page-margin-top-section&#8220; el_class=&#8220;flex-box&#8220; css=&#8220;.vc_custom_1441196365110{background-color: #f5f5f5 !important;}&#8220;][vc_column width=&#8220;1\/2&#8243; css=&#8220;.vc_custom_1441196358309{background-image: url(http:\/\/quanticalabs.com\/wptest\/carservice\/files\/2015\/05\/image_01.jpg?id=917) !important;}&#8220;][vc_single_image image=&#8220;1649&#8243; img_size=&#8220;large-thumb&#8220; el_class=&#8220;flex-hide&#8220;][\/vc_column][vc_column width=&#8220;1\/2&#8243; el_class=&#8220;padding-left-right-100 padding-bottom-66&#8243;][vc_column_text el_class=&#8220;description align-center&#8220;]Wir bieten erstklassigen Wartungsservice f\u00fcr alle<\/p>\n","protected":false},"author":1,"featured_media":0,"parent":0,"menu_order":0,"comment_status":"open","ping_status":"open","template":"template-default-without-breadcrumbs.php","meta":[],"_links":{"self":[{"href":"https:\/\/autowerkdachau.de\/index.php?rest_route=\/wp\/v2\/pages\/1125"}],"collection":[{"href":"https:\/\/autowerkdachau.de\/index.php?rest_route=\/wp\/v2\/pages"}],"about":[{"href":"https:\/\/autowerkdachau.de\/index.php?rest_route=\/wp\/v2\/types\/page"}],"author":[{"embeddable":true,"href":"https:\/\/autowerkdachau.de\/index.php?rest_route=\/wp\/v2\/users\/1"}],"replies":[{"embeddable":true,"href":"https:\/\/autowerkdachau.de\/index.php?rest_route=%2Fwp%2Fv2%2Fcomments&post=1125"}],"version-history":[{"count":36,"href":"https:\/\/autowerkdachau.de\/index.php?rest_route=\/wp\/v2\/pages\/1125\/revisions"}],"predecessor-version":[{"id":1793,"href":"https:\/\/autowerkdachau.de\/index.php?rest_route=\/wp\/v2\/pages\/1125\/revisions\/1793"}],"wp:attachment":[{"href":"https:\/\/autowerkdachau.de\/index.php?rest_route=%2Fwp%2Fv2%2Fmedia&parent=1125"}],"curies":[{"name":"wp","href":"https:\/\/api.w.org\/{rel}","templated":true}]}}